
Let w(u) = 9*u - 14. Let g be 640/256*8/10. Give w(g).
4
Let w(s) = s. Let z(p) be the first derivative of -p**2 + 6*p - 3. Let b(q) = q**2 - 8*q + 11. Let c be b(7). Let m be z(c). Determine w(m).
-2
Let p = -3 + 49. Let h(i) = p + i + i - 48. Give h(-2).
-6
Let s(y) = 3*y - 11. Let k(u) = 2*u - 11. Let h(o) = 5*k(o) - 4*s(o). Give h(-9).
7
Let t(d) = 0 - d + 1 + 2*d. Suppose 0 = -3*c + 12 + 6. Suppose -2*x + g = c*g - 20, x - 5*g + 20 = 0. What is t(x)?
1
Let k(r) = -2*r. Suppose -141 = -4*d - d - 2*f, 2*f + 91 = 3*d. Let g = -24 + d. Give k(g).
-10
Let m(y) = 11 - 13*y**2 - 6*y + 3*y + 26*y**2. Let h(j) = -6*j**2 + 2*j - 5. Let c(f) = -7*h(f) - 3*m(f). Calculate c(3).
14
Let q = 4632 + -4629. Let t(b) be the first derivative of b**2/2 - 5*b + 1. Determine t(q).
-2
Let l(g) = -3*g - 8. Let p(r) = -7*r - 15. Let k(t) = 9*l(t) - 4*p(t). Let c(w) = -w + 12. Let y = -3 - -7. Let d(v) = y*c(v) + 3*k(v). Calculate d(5).
7
Let k be (-1)/(3/(30/(-5))). Let p(n) = k*n + 2*n**2 - 2*n + 5 + n**3 + 3*n + 2*n**2. Give p(-4).
-7
Let j(v) be the third derivative of v**4/24 - 4*v**3/3 + 11*v**2 - 2. Calculate j(7).
-1
Let h = 3 + -7. Let y(i) = 19 - 2*i**2 - 17 + 2*i**2 + i**2 + 6*i. Give y(h).
-6
Let a(w) = -w - 1. Let j(x) be the second derivative of -x**3 - 3*x**2/2 - 3*x + 6. Let r(f) = -9*a(f) + 2*j(f). Determine r(-3).
12
Let r = 73 - 76. Let j(p) = -p**3 - 4*p**2 - 2*p - 5. Let z(c) = -c**3 - 4*c**2 - 2*c - 4. Let w(q) = -4*j(q) + 5*z(q). Give w(r).
-3
Let l(g) = g**2 + 3*g - 4. Let p(k) = 3*k**3 - 2*k**2 + 3*k - 2. Let m be p(1). Suppose m*b - 3 = 3*a - 19, -b - 9 = -2*a. Give l(b).
6
Let f(j) = -j**2 - 7*j - 2. Suppose 3*r + 5*l = -10, 0 = 4*r + 5*l - l. Suppose 3*q + 0 - 12 = 0, r*u + 19 = -4*q. Determine f(u).
-2
Let h(q) = -q**3 + 6*q**2 - 4*q - 2. Let n be ((-6)/(-5))/(6/(-30)). Let f be n/(-2*4/8). Suppose -2*x + 4 = -f. Give h(x).
3
Let o(h) = -h**3 + 14*h**2 - h + 7. Suppose 168 = -77*p + 89*p. What is o(p)?
-7
Let j(x) = 1 - 3 + x + 0. Suppose 0 = v - 4*c + 13, -2*v - 2*c + 7*c = 14. Give j(v).
1
Let w(y) = 1776 - 590 - 598 - 591 - y. What is w(-10)?
7
Suppose -k + d - 8 = 4*d, 0 = 2*k - 4*d - 24. Suppose -k*l - 24 = -4*r, r + 6 = 3*l - 6*l. Let q(s) = -2*s**3 + s**3 + 12*s - 3 - 2*s**2 - 11*s. What is q(l)?
3
Let y(m) = m**2 + 2*m - 4. Suppose -3*k - k = 5*a - 35, -3*k - 7 = -a. Suppose -a*l - 36 + 8 = 0. Give y(l).
4
Let v(q) = 0*q**2 - 13*q**2 - 13*q**2 - 2 + 17*q**2 - q. Give v(-1).
-10
Suppose -19*m + 23*m = 28. Let t(d) = -d**3 - 9*d**2 + 3*d - 9. Let i(h) = h**3 + h**2 - h. Let k(o) = -2*i(o) - t(o). Calculate k(m).
2
Let v = 141 + -135. Let b(i) = i**2 - 6*i - 1. Give b(v).
-1
Let z = -1524 - -1519. Let h(k) = -k - 2. What is h(z)?
3
Suppose -n + 0*m + 11 = 2*m, -4*m = -2*n - 18. Let t(u) = u**2 - 5*u + 3*u - u - n. Suppose 3 - 11 = -4*o. Calculate t(o).
-3
Let j(d) = -6*d - 46. Let k(t) = 7*t + 55. Let m(g) = -5*j(g) - 4*k(g). Determine m(-10).
-10
Let h(v) = 5*v + 1. Let a(b) = -4*b - 1. Let p(x) = -7*a(x) - 6*h(x). Suppose 4*t - 28 = z, 7*z = -4*t + 3*z + 8. Suppose 0*m - t = -3*m. Give p(m).
-3
Let o(p) = -1696*p**2 + 11 - 1697*p**2 + 3395*p**2 - 24*p. Calculate o(11).
-11
Let g(b) = b**3 + 2*b**2 + b - 1. Suppose -95*z - 31*z = 378. What is g(z)?
-13
Let i(j) = 2*j**2 + 10*j - 7. Let g(v) be the first derivative of v**3/3 + 7*v**2/2 - 5*v - 13. Let b(p) = 7*g(p) - 5*i(p). What is b(1)?
-4
Suppose 0*o = 3*o + 6. Let g = 7 - 7. Let z(j) = 6*j**2 + g*j**2 + j**3 - 3*j**2 + j. Give z(o).
2
Suppose 42 = -g - g + w, 3*w + 34 = -2*g. Let b be 1/(-4) + g/(-16). Let m be 1*(-1 - b - -5). Let h(n) = n**3 - n**2 - 2*n - 4. Give h(m).
8
Let v(l) = -l**2 - 5*l - 4. Let n be v(-4). Let x(r) = -5*r**3 - r**2 + 3*r**3 + n*r**3. Suppose 0*y = -24*y - 24. Calculate x(y).
1
Let r(d) be the third derivative of -d**4/24 + 2*d**3 - 25*d**2. Calculate r(5).
7
Let m(q) = q**2 - 7*q + 14. Let f(x) = 2*x**2 - 14*x + 26. Let t(y) = -6*f(y) + 11*m(y). Determine t(6).
4
Suppose b - 2 = 2. Let q(i) = i - 4 + b + 0 - 2. Suppose 0 = 3*z + 17 - 2. Determine q(z).
-7
Let r = -1391 + 1385. Let y(n) = n**3 + 5*n**2 - 3*n + 9. Determine y(r).
-9
Let l(r) = -5*r + 129. Let t be l(21). Let h(i) = -i**2 + 22*i + 48. Calculate h(t).
0
Let y(c) = -3 + c**2 - c**3 - 2*c - 2*c**2 + 0*c**2. Suppose x - 5*p - 12 = 0, -6 = 3*x + 3*p - 4*p. Determine y(x).
21
Let v(z) = z**2 - 2. Let i(h) = 4*h**2 - 9*h - 19. Let n(x) = -i(x) + 3*v(x). What is n(10)?
3
Suppose -3*n = n - 52. Suppose 2 + n = 3*y. Suppose y = u + 5*d - 10, -2*d = -6. Let l(i) = i**3 + i**2 - i - 5. Give l(u).
-5
Let w be 2/6 + 74/(-6). Let x(y) be the second derivative of -y**3/6 - 11*y**2/2 + 1943*y. Give x(w).
1
Let k(z) be the first derivative of -z**3 - z**2 + 2*z - 368. Determine k(1).
-3
Suppose -21*z - 13*z = -23*z. Let d(b) = 20*b**2 + 3*b + 26. Let o(k) = -7*k**2 - k - 9. Let h(v) = -6*d(v) - 17*o(v). Determine h(z).
-3
Let z(o) = -2*o - 11 + 16 - o**2 + 2 - 10 - 2*o. What is z(-6)?
-15
Suppose 0 = -j + 3*j - 4. Let n = -2 + j. Let o(c) be the third derivative of c**4/24 + 5*c**3/6 + 59*c**2. Calculate o(n).
5
Let d(l) = l**3 - 5*l**2 - 5*l - 3. Let a be d(6). Suppose b + a*b = 12. Let k(x) = 10 + b*x**2 + 4*x - x**3 - 4 - 3. Calculate k(4).
3
Let v(h) = -h + 21. Let r be v(19). Let k(t) = -2*t**2 - 9 + 3*t + 6*t**2 - 3*t**r + 10. Determine k(-3).
1
Suppose 4*f - a - 3 = 2, 0 = f + 3*a + 2. Let q(s) = -s**3 + s - 1. What is q(f)?
-1
Let r(v) = -v**2 - 2*v. Let f be r(-2). Suppose f*c = -c - w - 14, 5*w = 4*c + 11. Let y = 11 + c. Let h(b) = -b**3 + 2*b**2 + 2*b - 2. Determine h(y).
2
Let d(p) be the first derivative of -12*p + 38 - 1/3*p**3 - 11/2*p**2. Determine d(-8).
12
Let k(j) be the third derivative of 0 - 11/24*j**4 + 1/6*j**3 + 13*j**2 + 0*j. Give k(2).
-21
Suppose 2*h + 11 = 7. Let k(b) = 6*b**3 + 9*b**2 - 20*b - 26. Let z(t) = -t**3 - 2*t**2 + 4*t + 5. Let f(a) = h*k(a) - 11*z(a). Give f(4).
-19
Let j(k) = k**3 - 4*k**2 + 3*k. Let d(o) = -o**2 - 12*o + 6. Let a be d(-12). Suppose 3*b = 3*q - 6, 22 = 5*q - 3*b + a. Suppose 3*c - q*c = -6. Calculate j(c).
0
Let z(n) = 27*n**2 + n. Suppose -3*h - 3 + 0 = 0. Calculate z(h).
26
Let a(g) = -4*g**3 - 17*g**2 - 2*g - 8. Let x(s) = -5*s**3 - 19*s**2 - 2*s - 6. Let y(d) = 4*a(d) - 3*x(d). What is y(-11)?
8
Let f(h) = -25*h**2 - 71*h - 13. Let s(x) = 8*x**2 + 21*x + 4. Let j(n) = -2*f(n) - 7*s(n). Calculate j(-1).
-3
Let i be (1 - 3*-4) + -1 + -1. Suppose -1 - 21 = -i*x. Let z(v) = -5*v**2 + v - 1. Give z(x).
-19
Let y(d) = d**2 - 1. Let l(u) = 7*u**3 - 5*u**2 - u + 5. Suppose 3*j + 11 = 2*a, 2*a + 4 = -4*j - 6. Let z(o) = a*l(o) + 4*y(o). Determine z(1).
6
Let m(b) = -b**2 + 5*b. Let w be m(4). Let j be 20/w + 0 + -3. Let l(f) = 0 - f**2 + 6*f + j*f**2 - 1 - 2*f**2. What is l(5)?
4
Let i(c) = c**3 + 4*c**2 + c + 4. Let s be (10/(-3) + 3)*-3. Let k be 0 + s*3/(-3). Let u be (k/(-2))/((-3)/18). What is i(u)?
10
Let s(g) = -5*g + 1. Let b = 19 + -17. Let a(c) = -4*c. Let n(q) = b*s(q) - 3*a(q). Let x(m) = -m**2 + m + 3. Let h be x(3). Give n(h).
-4
Let s(h) = h**3 - 8*h**2 + 6*h - 1. Let u(w) = -11*w + 2. Let p be u(-3). Suppose -20*n + p = -15*n. What is s(n)?
-8
Let i(f) = 7*f**2 + f + 10. Let j(n) = 19*n**2 + 5*n + 29. Let w(p) = -8*i(p) + 3*j(p). What is w(-6)?
1
Let j(n) = -11*n**2 + 23*n + 7. Let i(q) be the first derivative of 4*q**3/3 - 4*q**2 - 3*q + 30. Let k(s) = 8*i(s) + 3*j(s). Give k(5).
-3
Let d(u) = -u - 19. Let a be d(0). Let j = 22 + a. Let c(m) = -11*m + j*m + 4*m - 1 - 4*m. What is c(-1)?
7
Let l be 1*1*(-3 - -3). Suppose 3*s = -l*s - 12. Let a be s/((-8)/(-6)) + 0. Let z(y) = 3*y - 1. What is z(a)?
-10
Let w(u) = u + 1. Suppose -4*f - 6 = -b - 20, -2*f = -10. Let x = 34 + -31. Suppose -x*q = -0*q - b. Determine w(q).
3
Let o(i) = -2*i + 18. Let w = -28 + 35. Let a be o(w). Let z(l) = -l**3 + 3*l**2 + 7*l - 5. Give z(a).
7
Let s(d) = -1399*d - d**3 + 1404*d + 4 + 5*d**2 - 4. Give s(6).
-6
Let q(n) = 0 + 2 - n**2 + 4*n**2. Suppose -9*l + 2*y = -4*l + 14, 0 = -5*l - y - 8. What is q(l)?
14
Suppose 2*i + 2 = 14. Suppose 0 = -4*x + i + 6. Let v(h) = x - 15*h + 28*h - 12*h. Calculate v(-3).
0
Let s be (-56)/(-42) + (-4)/(-6). Let l(b) = b + 7 - s + 3. Suppose -4*g + 2*y - 20 = 0, 3*g - 5*y = -g - 14. Give l(g).
2
Let a = -8 - -11. Su